{"id":56,"date":"2021-04-05T14:49:58","date_gmt":"2021-04-05T14:49:58","guid":{"rendered":"http:\/\/administracion.concejoriogrande.gob.ar\/?page_id=56"},"modified":"2021-04-05T15:12:24","modified_gmt":"2021-04-05T15:12:24","slug":"listado-de-ordenes-de-pago-2020","status":"publish","type":"page","link":"https:\/\/administracion.concejoriogrande.gob.ar\/index.php\/listado-de-ordenes-de-pago-2020\/","title":{"rendered":"Listado de Ordenes de Pago 2020"},"content":{"rendered":"\t\t<div data-elementor-type=\"wp-page\" data-elementor-id=\"56\" class=\"elementor elementor-56\" data-elementor-settings=\"[]\">\n\t\t\t\t\t\t\t<div class=\"elementor-section-wrap\">\n\t\t\t\t\t\t\t<section class=\"elementor-section elementor-top-section elementor-element elementor-element-a6c8519 elementor-section-boxed elementor-section-height-default elementor-section-height-default\" data-id=\"a6c8519\" data-element_type=\"section\">\n\t\t\t\t\t\t<div class=\"elementor-container elementor-column-gap-default\">\n\t\t\t\t\t<div class=\"elementor-column elementor-col-50 elementor-top-column elementor-element elementor-element-4bbadc7\" data-id=\"4bbadc7\" data-element_type=\"column\">\n\t\t\t<div class=\"elementor-widget-wrap elementor-element-populated\">\n\t\t\t\t\t\t\t\t<div class=\"elementor-element elementor-element-1b967a3 elementor-widget elementor-widget-image\" data-id=\"1b967a3\" data-element_type=\"widget\" data-widget_type=\"image.default\">\n\t\t\t\t<div class=\"elementor-widget-container\">\n\t\t\t\t\t\t\t\t\t\t\t\t\t\t\t<img width=\"840\" height=\"441\" src=\"https:\/\/administracion.concejoriogrande.gob.ar\/wp-content\/uploads\/2021\/04\/c5f7f8ba22bc61faa6aa803ae1139d1d_L.jpg\" class=\"attachment-large size-large\" alt=\"\" loading=\"lazy\" srcset=\"https:\/\/administracion.concejoriogrande.gob.ar\/wp-content\/uploads\/2021\/04\/c5f7f8ba22bc61faa6aa803ae1139d1d_L.jpg 840w, https:\/\/administracion.concejoriogrande.gob.ar\/wp-content\/uploads\/2021\/04\/c5f7f8ba22bc61faa6aa803ae1139d1d_L-300x158.jpg 300w, https:\/\/administracion.concejoriogrande.gob.ar\/wp-content\/uploads\/2021\/04\/c5f7f8ba22bc61faa6aa803ae1139d1d_L-768x403.jpg 768w\" sizes=\"(max-width: 840px) 100vw, 840px\" \/>\t\t\t\t\t\t\t\t\t\t\t\t\t\t\t<\/div>\n\t\t\t\t<\/div>\n\t\t\t\t\t<\/div>\n\t\t<\/div>\n\t\t\t\t<div class=\"elementor-column elementor-col-50 elementor-top-column elementor-element elementor-element-657a8d4\" data-id=\"657a8d4\" data-element_type=\"column\">\n\t\t\t<div class=\"elementor-widget-wrap elementor-element-populated\">\n\t\t\t\t\t\t\t\t<div class=\"elementor-element elementor-element-d7213fb elementor-widget elementor-widget-text-editor\" data-id=\"d7213fb\" data-element_type=\"widget\" data-widget_type=\"text-editor.default\">\n\t\t\t\t<div class=\"elementor-widget-container\">\n\t\t\t\t\t\t\t<ul><li><strong>Datos Abierto<\/strong> a los vecinos de la ciudad de R\u00edo Grande. La informaci\u00f3n cargada corresponde a la ejecuci\u00f3n presupuestaria del a\u00f1o 2020.<\/li><\/ul>\t\t\t\t\t\t<\/div>\n\t\t\t\t<\/div>\n\t\t\t\t<div class=\"elementor-element elementor-element-7dc1d63 elementor-widget elementor-widget-button\" data-id=\"7dc1d63\" data-element_type=\"widget\" data-widget_type=\"button.default\">\n\t\t\t\t<div class=\"elementor-widget-container\">\n\t\t\t\t\t<div class=\"elementor-button-wrapper\">\n\t\t\t<a href=\"http:\/\/administracion.concejoriogrande.gob.ar\/wp-content\/uploads\/2021\/04\/LISTADO-DE-ORDENES-DE-PAGO-PAGAS-2020.pdf\" class=\"elementor-button-link elementor-button elementor-size-sm\" role=\"button\">\n\t\t\t\t\t\t<span class=\"elementor-button-content-wrapper\">\n\t\t\t\t\t\t<span class=\"elementor-button-icon elementor-align-icon-left\">\n\t\t\t\t<i aria-hidden=\"true\" class=\"far fa-file-pdf\"><\/i>\t\t\t<\/span>\n\t\t\t\t\t\t<span class=\"elementor-button-text\">Listado Pagos<\/span>\n\t\t<\/span>\n\t\t\t\t\t<\/a>\n\t\t<\/div>\n\t\t\t\t<\/div>\n\t\t\t\t<\/div>\n\t\t\t\t<div class=\"elementor-element elementor-element-ae15c18 elementor-widget elementor-widget-button\" data-id=\"ae15c18\" data-element_type=\"widget\" data-widget_type=\"button.default\">\n\t\t\t\t<div class=\"elementor-widget-container\">\n\t\t\t\t\t<div class=\"elementor-button-wrapper\">\n\t\t\t<a href=\"http:\/\/administracion.concejoriogrande.gob.ar\/wp-content\/uploads\/2021\/04\/LISTADO-DE-ORDENES-DE-PAGO-IMPAGAS-2020.pdf\" class=\"elementor-button-link elementor-button elementor-size-sm\" role=\"button\">\n\t\t\t\t\t\t<span class=\"elementor-button-content-wrapper\">\n\t\t\t\t\t\t<span class=\"elementor-button-icon elementor-align-icon-left\">\n\t\t\t\t<i aria-hidden=\"true\" class=\"far fa-file-pdf\"><\/i>\t\t\t<\/span>\n\t\t\t\t\t\t<span class=\"elementor-button-text\">Listado Impagos<\/span>\n\t\t<\/span>\n\t\t\t\t\t<\/a>\n\t\t<\/div>\n\t\t\t\t<\/div>\n\t\t\t\t<\/div>\n\t\t\t\t\t<\/div>\n\t\t<\/div>\n\t\t\t\t\t\t\t<\/div>\n\t\t<\/section>\n\t\t\t\t\t\t<\/div>\n\t\t\t\t\t<\/div>\n\t\t","protected":false},"excerpt":{"rendered":"<p>Datos Abierto a los vecinos de la ciudad de R\u00edo Grande. La informaci\u00f3n cargada corresponde a la ejecuci\u00f3n presupuestaria del a\u00f1o 2020. Listado Pagos Listado Impagos<\/p>\n","protected":false},"author":1,"featured_media":0,"parent":0,"menu_order":0,"comment_status":"closed","ping_status":"closed","template":"","meta":{"_monsterinsights_skip_tracking":false,"_monsterinsights_sitenote_active":false,"_monsterinsights_sitenote_note":"","_monsterinsights_sitenote_category":0},"_links":{"self":[{"href":"https:\/\/administracion.concejoriogrande.gob.ar\/index.php\/wp-json\/wp\/v2\/pages\/56"}],"collection":[{"href":"https:\/\/administracion.concejoriogrande.gob.ar\/index.php\/wp-json\/wp\/v2\/pages"}],"about":[{"href":"https:\/\/administracion.concejoriogrande.gob.ar\/index.php\/wp-json\/wp\/v2\/types\/page"}],"author":[{"embeddable":true,"href":"https:\/\/administracion.concejoriogrande.gob.ar\/index.php\/wp-json\/wp\/v2\/users\/1"}],"replies":[{"embeddable":true,"href":"https:\/\/administracion.concejoriogrande.gob.ar\/index.php\/wp-json\/wp\/v2\/comments?post=56"}],"version-history":[{"count":4,"href":"https:\/\/administracion.concejoriogrande.gob.ar\/index.php\/wp-json\/wp\/v2\/pages\/56\/revisions"}],"predecessor-version":[{"id":64,"href":"https:\/\/administracion.concejoriogrande.gob.ar\/index.php\/wp-json\/wp\/v2\/pages\/56\/revisions\/64"}],"wp:attachment":[{"href":"https:\/\/administracion.concejoriogrande.gob.ar\/index.php\/wp-json\/wp\/v2\/media?parent=56"}],"curies":[{"name":"wp","href":"https:\/\/api.w.org\/{rel}","templated":true}]}}